e
Is 4270297799 prime?
True
Is 626706653 prime?
True
Is 855635377 composite?
False
Is 46119571837 prime?
True
Is 115843738007 prime?
False
Is 315968890585 a composite number?
True
Is 1858084322 composite?
True
Is 1329882401 a composite number?
True
Is 11552967313 a composite number?
False
Is 1919164178 a composite number?
True
Is 21107317703 composite?
False
Is 91551678289 prime?
True
Is 95535185 prime?
False
Is 6558091791 a prime number?
False
Is 7541560933 a composite number?
True
Is 6175642007 composite?
False
Is 25061660467 a prime number?
True
Is 9454869761 a composite number?
False
Is 162053329 a prime number?
True
Is 4016619241 a prime number?
True
Is 42147977 a prime number?
True
Is 1006353731 a prime number?
False
Is 4707010713 a prime number?
False
Is 232694771 prime?
True
Is 184008817 composite?
False
Is 37865716435 a prime number?
False
Is 89410439 composite?
False
Is 4458688271 a composite number?
True
Is 26655786967 a prime number?
True
Is 5060534243 prime?
False
Is 381033309 composite?
True
Is 71989470557 a prime number?
False
Is 2335376257 composite?
False
Is 102220169 a prime number?
True
Is 421777799 prime?
True
Is 71318963 composite?
True
Is 1323331861 a prime number?
True
Is 22845636071 prime?
True
Is 10666190747 prime?
True
Is 3624842383 a prime number?
False
Is 381624307 a prime number?
True
Is 2995045359 a composite number?
True
Is 8314344611 a composite number?
False
Is 1062760087 prime?
True
Is 3062405501 composite?
False
Is 1075943098 a composite number?
True
Is 3942033431 prime?
False
Is 7367267153 prime?
True
Is 211439507 composite?
False
Is 1545672239 a prime number?
True
Is 757095103 prime?
True
Is 7673003459 a composite number?
True
Is 25334355241 composite?
True
Is 379125911 composite?
False
Is 830600809 prime?
False
Is 219583891 prime?
True
Is 7399060871 a prime number?
True
Is 2266053583 a prime number?
True
Is 19128861247 composite?
False
Is 8188669849 composite?
True
Is 71666482001 prime?
True
Is 428415296161 a prime number?
False
Is 146627909 prime?
False
Is 381991303 prime?
True
Is 659953607 a composite number?
False
Is 215264743 a composite number?
True
Is 8305038499 a prime number?
True
Is 9647296405 a prime number?
False
Is 11929388239 composite?
True
Is 23648399 a prime number?
True
Is 6140167439 prime?
False
Is 2555700859 prime?
True
Is 1535969387 a composite number?
True
Is 1213854959 a prime number?
False
Is 18118590734 a prime number?
False
Is 14828059 composite?
False
Is 1924334591 prime?
False
Is 20769918073 prime?
True
Is 8322735347 prime?
False
Is 2644173109 prime?
False
Is 204258871 a prime number?
True
Is 2306754757 composite?
True
Is 737473479 prime?
False
Is 6156758263 composite?
True
Is 117635376769 prime?
True
Is 62304118067 a composite number?
False
Is 87950483 a prime number?
True
Is 5232754199 a composite number?
True
Is 18735733 composite?
False
Is 2817499973 prime?
True
Is 2393369603 a composite number?
False
Is 108749503 prime?
True
Is 89590913 prime?
True
Is 12158986393 a composite number?
True
Is 497483081 a prime number?
False
Is 5318305549 a prime number?
False
Is 1778591309 prime?
False
Is 30370268411 a prime number?
False
Is 2293371343 a composite number?
True
Is 765613918 prime?
False
Is 398327429 prime?
True
Is 4068973641 a composite number?
True
Is 73812379867 composite?
False
Is 2395385021 prime?
True
Is 5522149537 a prime number?
False
Is 42585704723 a prime number?
False
Is 27081589349 a composite number?
False
Is 2759590342 prime?
False
Is 8837432563 a composite number?
False
Is 5768075303 prime?
True
Is 5061850361 a composite number?
False
Is 52330963793 prime?
False
Is 111183055981 prime?
False
Is 1614385537 prime?
False
Is 5600494667 a composite number?
True
Is 61310680637 composite?
False
Is 171841267 a prime number?
False
Is 1768642459 prime?
False
Is 27715189 prime?
True
Is 2445461209 prime?
True
Is 10237134023 prime?
True
Is 45067184927 prime?
False
Is 361477518581 a composite number?
True
Is 109294842557 prime?
False
Is 5255190023 prime?
False
Is 205494008259 a composite number?
True
Is 13820581009 composite?
False
Is 68087071469 a composite number?
False
Is 7200918767 composite?
True
Is 3464759147 prime?
False
Is 1402549433 composite?
True
Is 4209217457 a prime number?
True
Is 2386593421 prime?
False
Is 186928229401 composite?
True
Is 1092064427 composite?
True
Is 16054918937 composite?
True
Is 23054653573 composite?
True
Is 577639679 prime?
True
Is 5471284541 a prime number?
True
Is 4015146871 prime?
False
Is 56311532261 a prime number?
False
Is 28956621163 prime?
True
Is 6896346302 a composite number?
True
Is 3742509077 prime?
True
Is 6690396211 a prime number?
True
Is 21026881451 a prime number?
False
Is 397188851 composite?
False
Is 3778976071 a prime number?
False
Is 9899430397 prime?
True
Is 2809174499 prime?
True
Is 358240629 a composite number?
True
Is 9969056897 a composite number?
True
Is 1005645743 a prime number?
True
Is 58585577087 a prime number?
True
Is 18699902647 a composite number?
False
Is 19424184979 a composite number?
True
Is 3787050079 composite?
False
Is 145460437 a prime number?
True
Is 1408002503 prime?
True
Is 869901091 composite?
True
Is 9866343829 prime?
True
Is 13268493239 composite?
True
Is 155152073 a prime number?
True
Is 86081727247 a composite number?
False
Is 25063975329 a prime number?
False
Is 3091394717 composite?
False
Is 2003640011 a prime number?
False
Is 506960357 a prime number?
False
Is 2319662249 a composite number?
False
Is 682085683 a composite number?
True
Is 49783077451 a composite number?
False
Is 272074321759 a composite number?
False
Is 9979895459 a composite number?
False
Is 89492387 composite?
True
Is 43241033651 composite?
False
Is 3173178787 composite?
True
Is 225220441 a composite number?
False
Is 160938971 prime?
False
Is 57776778701 prime?
True
Is 1052928719 prime?
False
Is 90947042411 composite?
False
Is 9672908851 a prime number?
True
Is 33750322897 prime?
True
Is 382378783 a composite number?
False
Is 12045093 a prime number?
False
Is 13180186673 composite?
True
Is 192427219 a composite number?
True
Is 101538863 prime?
True
Is 512163347 composite?
True
Is 9413794007 prime?
True
Is 2487885073 prime?
True
Is 3362147993 a prime number?
True
Is 4038500311 a composite number?
False
Is 5091529297 prime?
False
Is 4392019637 a composite number?
True
Is 1898283637 a prime number?
True
Is 18365482411 a prime number?
False
Is 28409264099 a composite number?
False
Is 4642309171 a composite number?
False
Is 1635853693 composite?
True
Is 15637533581 a prime number?
False
Is 5550051491 a prime number?
False
Is 3159330161 a composite number?
True
Is 46579608843 a composite number?
True
Is 35509338259 prime?
True
Is 121693724809 a prime number?
True
Is 26219905951 a prime number?
True
Is 1225774126 a composite number?
True
Is 958176749 composite?
True
Is 3216044333 a composite number?
True
Is 676974293 prime?
True
Is 7423311061 prime?
True
Is 571716959 a prime number?
False
Is 4224942602 prime?
False
Is 29896028159 prime?
False
Is 641504293 a composite number?
True
Is 2648872991 a prime number?
True
Is 982197949 composite?
False
Is 2377294681 a prime number?
True
Is 55530520889 prime?
False
Is 156114289 a prime number?
False
Is 14433508931 a composite number?
False
Is 17807352161 composite?
False
Is 45385091561 a prime number?
False
Is 163746780211 prime?
False
Is 8814179251 prime?
True
Is 1766025911 a composite number?
True
Is 72132638619 a prime number?
False
Is 11704241882 a prime number?
False
Is 684427969 composite?
False
Is 20104377 a composite number?
True
Is 238431767 a composite number?
True
Is 1980177191 prime?
False
Is 1676747557 a composite number?
False
Is 31105961 a prime number?
True
Is 3224672617 a prime number?
True
Is 84040039151 a composite number?
False
Is 1907477717 a composite number?
False
Is 345096021 prime?
False
Is 36125467673 a composite number?
True
Is 3169786861 a composite number?
False
Is 29962146827 a prime number?
True
Is 10098638191 composite?
False
Is 24805579 a composite number?
False
Is 282813409 a composite number?
False
Is 346462651 composite?
False
Is 2431515509 prime?
True
Is 1721976853 composite?
False
Is 2708811767 prime?
True
Is 169551194807 composite?
False
Is 479789